+ -6)*n/3. What is the greatest common factor of q and s?
29
Let k be (4160/(-24))/4*132/(-11). Let y = 28 + 37. What is the greatest common factor of k and y?
65
Let t be ((-1)/2)/(2/4). Let h(k) = -665*k - 594*k**2 - 2 + 1330*k + 605*k**2 - 668*k. Let n be h(t). Calculate the greatest common divisor of n and 60.
12
Let z be 136/6*(-39)/364*-21. Calculate the greatest common factor of z and 2499.
51
Let q(o) = -46*o. Let u be q(-2). Suppose 86*x = 90*x - 76. Let s = 4 + x. What is the highest common divisor of u and s?
23
Let b = -1 - -12. Let m = 110005 - 109114. What is the highest common factor of m and b?
11
Suppose -2*s = -3*b - 68, -96 = 15*s - 19*s - 4*b. Suppose -2*j = 3*h - s, -3*h + 6 = -j - 16. Calculate the highest common factor of h and 16.
8
Suppose 29*o = 171 + 554. What is the greatest common factor of 65 and o?
5
Suppose 9*k = 14*k - 20. Suppose -3*m = 7*m - 40. Suppose -13*u - 29 = -m*h - 8*u, 3*h - 20 = 2*u. Calculate the highest common divisor of k and h.
2
Let m = 160 - 150. Suppose -4*p - 70 = -3*y - 0*y, -2*p = y - m. What is the greatest common divisor of y and 6?
6
Suppose 10*d - 9*d = 40. Let o be ((-15)/(-10) + 4/8)*d. What is the highest common divisor of 25 and o?
5
Suppose -d + 118 = -9*d + 134. Calculate the greatest common divisor of 146 and d.
2
Let l(d) = 2*d**2 + 90*d + 364. Let w be l(-4). Let j be 62 + -3 + -2 + 3. Calculate the highest common factor of w and j.
12
Suppose 5*s - 3*z = 137, 2*s = 4*z - 6 + 72. Let l = s + -18. Suppose 5*r = 4*w - 252, -4*w + 244 + 8 = -2*r. Calculate the greatest common factor of w and l.
7
Suppose 3*o - 213 = -h, -3*h + o = -824 + 175. Let w = -34 - -111. Suppose b = -3, -4*s = 5*b - 16 - w. What is the highest common factor of h and s?
27
Let y = -74 - -71. Let j be (1 + y)/(50/1625). Let w = -55 - j. Calculate the highest common factor of w and 4.
2
Let m be 60/(-50) - (8 + (-3024)/20). Calculate the highest common factor of 18460 and m.
142
Let x(p) = p**3 + 8*p**2 - 23*p + 15. Let s be x(-10). Calculate the highest common factor of 1125 and s.
45
Let g be (-4)/(-18) + (-64)/(-36). Suppose -g*h = 9 - 669. Suppose -s = -3*d + 142 - 39, -4*s = 3*d - 83. Calculate the highest common divisor of h and d.
33
Suppose 0 = -56*c + 48*c + 16. Suppose 3*a - 24 - 51 = h, c*a = -4*h + 50. What is the greatest common factor of a and 200?
25
Let h be (-35453)/(-44) + (-4)/(-16). Let l = -550 + h. Calculate the greatest common factor of 32 and l.
32
Let g be 36/15*9/(-27)*-20. Let k be 11453/65 + (-2)/10. What is the highest common divisor of g and k?
16
Suppose 4 + 14 = -9*t. Let a be 13 - (t + 0 - -1). Let v = 23 - -103. What is the highest common divisor of a and v?
14
Let w be (-120)/(-540) + 16/9. Suppose -10 = -3*v - 1. Suppose 0*x - v*c - 9 = -3*x, 0 = w*x - c - 5. What is the greatest common divisor of x and 2?
2
Let h be (594/165)/(6/40) - -5. Suppose h*w - 41*w = -864. What is the greatest common factor of w and 648?
72
Suppose 0 = 3*f + 24, -123*m + 2*f + 2191 = -118*m. What is the highest common factor of m and 3625?
145
Suppose 5*o - 9*o = u - 73, u - 67 = 2*o. Suppose 5 = -4*w + u. Calculate the highest common divisor of 144 and w.
16
Suppose -4*g - 45 = -505. Suppose -22*r = -63 - 47. Calculate the greatest common divisor of g and r.
5
Let w = -72 - -588. What is the greatest common factor of 24 and w?
12
Let w = -18708 - -19800. What is the highest common factor of w and 420?
84
Let w = 3304 - 2863. What is the greatest common divisor of w and 2793?
147
Let l = -396 - -516. Let u = -5 + 68. Suppose -2*x + u = 3. Calculate the highest common divisor of l and x.
30
Let w(p) = -2*p**2 - 32*p + 36. Let i be w(-15). Let d(q) = -6*q - 101 + 0*q + i - 9*q. Let a be d(-12). What is the highest common divisor of a and 29?
29
Let a be (2*(-6 - -5) + 3 + 5)*6. What is the highest common factor of a and 60?
12
Suppose 0 = 76*c + 19*c - 760. Suppose 3*j - 873 = -4*w, -109 = -4*w - 4*j + 767. Calculate the highest common factor of w and c.
8
Suppose r + 2*p = 487, 630 = r - 3*p + 168. Calculate the highest common factor of r and 99.
9
Let o(t) = -3974*t - 418. Let n be o(-2). Calculate the highest common factor of 30 and n.
30
Let p be -20 + 3 + (-3 - -1). Let q(g) = -7*g - 123. Let h be q(p). Let b be (4/6)/((-1)/(-15)). Calculate the greatest common divisor of h and b.
10
Let k be 19/(-19)*(-1 - 91). Let v(g) = 60*g**2 + g. Let r be v(1). Let t = k - r. What is the greatest common divisor of 155 and t?
31
Let h = 35841 + -35833. Let m(f) = -f**2 + 4*f - 1. Let p be m(3). Let a be (-5)/(5/(-42)) - p. What is the highest common factor of a and h?
8
Let v = 3256 + -2674. Calculate the highest common factor of 1358 and v.
194
Let k = 28 + -18. Suppose l + 3*i - 135 = 0, -4*i = 4*l - 6*i - 540. Calculate the greatest common factor of l and k.
5
Let t(r) = 25*r - 303. Let g be t(21). Calculate the greatest common divisor of 120 and g.
6
Let o(a) = -a**2 + 11*a + 12. Let p be o(11). Suppose -2*w = 3*j - 165, -w - j + 90 = 3*j. What is the greatest common divisor of p and w?
6
Let s = -8 + 50. Let g = 1213073 + -1212975. What is the greatest common factor of s and g?
14
Suppose b - 32 = 45. Suppose 16*g + 10 = 15*g + 4*u, 0 = 3*g - 5*u + 2. Let r be 12/(g + -9) - -15. What is the greatest common factor of b and r?
11
Suppose -w = 5*h - 1732, -2*w + 165 = 5*h - 1559. What is the highest common divisor of 6438 and h?
174
Let d(t) = 11 + 226 + 62*t - 45*t + t**2. Let h be d(-13). What is the greatest common divisor of h and 37?
37
Let b(c) = c**2 - 7*c - 8. Let q = 219 - 120. Let g = 92 - q. Let a be b(g). Calculate the highest common divisor of a and 5.
5
Let v be (6 - 3 - 0)*9. Let n = 238 + -123. Suppose -790 = -5*b - n. Calculate the highest common factor of b and v.
27
Suppose -b + 21 + 34 = 0. Suppose 2*f - b = 4*n + 363, 3*n - 4*f + 311 = 0. Let h = n + 147. Calculate the greatest common divisor of h and 7.
7
Let g be (-12)/78 - (-100)/(-26) - -17. Suppose g*z - 9*z = 4. Let f = z - -14. What is the highest common factor of f and 45?
15
Suppose 18*q + 4*k - 290 = 14*q + 70, 0 = 3*k. What is the greatest common factor of q and 450?
90
Let x be ((-33)/(-6))/(2191/168 + -13). Calculate the greatest common factor of 2937 and x.
33
Let r(k) = k**3 - 4*k**2 - 61*k - 11. Let l be r(10). Let b(w) = 2*w - 22 + 70 + 17. Let u be b(l). What is the highest common factor of 46 and u?
23
Let m = -88 - -168. Let c(l) = -8*l. Let s(t) = t**3 + 3*t**2 - 2*t + 4. Let x be s(-4). Let b be c(x). Calculate the greatest common factor of b and m.
16
Let b(u) = -2*u**2 + 13*u - 4. Let z be b(6). Suppose 260 - 8 = 4*h. Suppose -203 + h = -z*a. What is the highest common divisor of a and 14?
14
Suppose 0 = -3*u - w - 5 - 18, -3*u + 7 = -5*w. Let y be u*(-2 + 39/(-2 - 1)). Calculate the greatest common factor of 20 and y.
10
Let s be 140/(-5)*(-36)/21. Let m(n) = 11*n**2 + 9*n - 56. Let p be m(5). Calculate the highest common divisor of s and p.
24
Let k = 161 + 19. Let y = k + -155. Calculate the greatest common divisor of y and 700.
25
Let a = 563 - 342. Suppose -a*h = -224*h + 429. Calculate the highest common divisor of 39 and h.
13
Suppose -3*q = -2*g - 110, -5*g + 13 - 203 = -5*q. What is the greatest common factor of q and 170?
34
Suppose -5*k = -2*a + 431, 2*a = 3*k + 285 + 144. Calculate the highest common factor of 497 and a.
71
Let o = -80 - -82. Let s(a) = 13*a**3 + 2*a**2 - 2*a + 1. Suppose -2*y + 0 = -2. Let k be s(y). Calculate the highest common divisor of o and k.
2
Let p = -4 - -8. Let z = 265 - 270. Let u be 336/616 + z/(-11). Calculate the highest common divisor of p and u.
1
Suppose -x = -2*x + 15. Suppose -1204 = -10*w - 18*w. Let o = w + -23. Calculate the highest common factor of o and x.
5
Suppose 3*t + 446 - 1550 = -4*z, 3*z = -2*t + 736. Let o = -7 + 145. Calculate the greatest common divisor of t and o.
46
Suppose 3*v + 15 = o, 4*v - 1 = o - 21. Let t be 23 + (-38 + 41)/(o - 1). Calculate the greatest common factor of 250 and t.
10
Let v = -1 + -1. Let a be (-2)/v*2*6576/32. Suppose 6*w - 69 - a = 0. What is the highest common divisor of 20 and w?
20
Let d(x) = 8*x**2 - 85*x + 975. Let q be d(13). What is the highest common factor of 104 and q?
26
Suppose -71 = 5*i + 69. Let r be